297 a composite number?
False
Is 4072601359 a composite number?
True
Is 196387214 a composite number?
True
Is 38443116161 prime?
False
Is 151453633 prime?
False
Is 6191880014 composite?
True
Is 347387563 a composite number?
True
Is 4458125731 prime?
True
Is 19166576579 prime?
True
Is 33213036973 a composite number?
True
Is 123181766185 a prime number?
False
Is 1471573027 a prime number?
True
Is 3109035991 composite?
False
Is 1296945389 composite?
True
Is 31430193761 a prime number?
False
Is 2759769553 composite?
True
Is 1962911801 composite?
False
Is 2542940111 prime?
True
Is 105759014201 composite?
False
Is 5595875417 composite?
True
Is 38137027 composite?
True
Is 2026975147 composite?
True
Is 410518079 composite?
False
Is 1842652397 a composite number?
True
Is 13623541115 a composite number?
True
Is 1226575423 a prime number?
False
Is 6327829163 prime?
True
Is 222590131 a composite number?
False
Is 2842514863 composite?
False
Is 934918681 a prime number?
False
Is 2681167 a composite number?
False
Is 28000064831 composite?
False
Is 955631759 a composite number?
True
Is 804157021 a prime number?
True
Is 213388407263 composite?
False
Is 575197759 a composite number?
True
Is 1968447839 prime?
True
Is 3264188077 a composite number?
False
Is 34523693 composite?
True
Is 442879571 composite?
True
Is 415149751 prime?
False
Is 35769544126 prime?
False
Is 7385059453 a prime number?
False
Is 32055645643 composite?
True
Is 13671377017 composite?
True
Is 9982213427 composite?
True
Is 20755667473 prime?
True
Is 26510404759 a composite number?
True
Is 7245344291 a prime number?
False
Is 431718463 prime?
False
Is 5483826653 a prime number?
False
Is 7025948653 prime?
True
Is 1424977399 a composite number?
True
Is 882864005 composite?
True
Is 2707288237 a composite number?
False
Is 4810701271 a composite number?
True
Is 64135709843 a prime number?
True
Is 8512104821 composite?
True
Is 8639166121 composite?
True
Is 95248886729 a prime number?
True
Is 32652447 composite?
True
Is 2923035991 a prime number?
False
Is 103895212403 a composite number?
False
Is 3300315551 composite?
True
Is 8257051739 a prime number?
False
Is 1169109553 a composite number?
False
Is 237665489821 a composite number?
True
Is 4240824943 composite?
False
Is 4784920513 composite?
False
Is 8226078859 prime?
False
Is 6961841923 a prime number?
False
Is 107343943 prime?
False
Is 2049599919 composite?
True
Is 4810574137 a prime number?
True
Is 542528653 a composite number?
True
Is 636584549 a prime number?
True
Is 395317693091 a composite number?
False
Is 1073880149 composite?
False
Is 326525677 a prime number?
True
Is 104615784601 composite?
False
Is 142142399977 prime?
False
Is 9636821533 a prime number?
False
Is 1364659573 a prime number?
True
Is 870615233 a composite number?
False
Is 13900271701 a composite number?
False
Is 571957459 composite?
True
Is 1679901679 a composite number?
True
Is 5696683193 composite?
False
Is 666145721 a composite number?
False
Is 261821465 a composite number?
True
Is 176121330321 prime?
False
Is 32986692061 composite?
False
Is 10800863279 a prime number?
True
Is 69457393193 a composite number?
False
Is 12639187403 a prime number?
False
Is 1470535787 prime?
False
Is 7862424529 prime?
False
Is 342641066629 a prime number?
True
Is 218261287 prime?
False
Is 8701509963 composite?
True
Is 1956198901 prime?
True
Is 6967299841 a composite number?
False
Is 153168036251 prime?
False
Is 884508733 composite?
False
Is 822626653 a prime number?
True
Is 407829727 a composite number?
False
Is 61916601347 a composite number?
False
Is 3734353939 prime?
False
Is 169030229882 composite?
True
Is 183990067 composite?
False
Is 14894384957 prime?
True
Is 6351986779 a composite number?
True
Is 24766253203 composite?
False
Is 647895526 composite?
True
Is 1743922597 composite?
False
Is 2136161801 prime?
True
Is 729110089 a prime number?
True
Is 5387827009 a prime number?
False
Is 8602671413 composite?
True
Is 15590219527 a composite number?
True
Is 139468750207 prime?
True
Is 4559441023 a prime number?
False
Is 858955681 prime?
False
Is 64536334451 prime?
True
Is 76990531859 a composite number?
True
Is 9607922209 prime?
False
Is 15196081319 composite?
False
Is 578124737 a composite number?
False
Is 1392472853 composite?
True
Is 2256649151 prime?
True
Is 1172006917 a prime number?
True
Is 2148321349 prime?
False
Is 4438381319 composite?
False
Is 33521254589 a prime number?
True
Is 2970165161 prime?
True
Is 9928239373 a composite number?
True
Is 5556760271 composite?
False
Is 17960598629 a composite number?
True
Is 7990230557 composite?
True
Is 7393572211 a composite number?
False
Is 1884204577 a composite number?
True
Is 4966804309 composite?
False
Is 3898378871 a composite number?
False
Is 4882048777 a composite number?
False
Is 1480420603 prime?
True
Is 5446808287 composite?
False
Is 1562301437 prime?
True
Is 1730984119 a prime number?
True
Is 14871758183 a composite number?
True
Is 380393753 a composite number?
True
Is 15156334597 prime?
True
Is 1750170233 a prime number?
False
Is 2277943867 prime?
False
Is 4912696181 a composite number?
False
Is 13384123633 a prime number?
False
Is 53585657627 composite?
False
Is 140622863 a composite number?
False
Is 24063799477 a composite number?
True
Is 2117472901 a composite number?
False
Is 42812755637 a composite number?
True
Is 11715549355 a composite number?
True
Is 36546342529 composite?
True
Is 5206994027 a prime number?
False
Is 1550446441 composite?
False
Is 13988946493 a prime number?
True
Is 122754815293 prime?
False
Is 2916569771 composite?
False
Is 1603023949 prime?
True
Is 1618954607 a composite number?
False
Is 498533291 prime?
False
Is 295316013541 a composite number?
False
Is 316765417 a composite number?
True
Is 30332666941 a prime number?
False
Is 324892109 composite?
False
Is 7952270639 composite?
False
Is 8928766211 a composite number?
True
Is 22804741 a prime number?
True
Is 974933053 a composite number?
False
Is 231734149 a composite number?
False
Is 125921203 prime?
True
Is 3986433253 a composite number?
True
Is 1729500277 a composite number?
True
Is 46396421 a prime number?
False
Is 467323621 a prime number?
True
Is 11559123923 a prime number?
False
Is 1417363721 prime?
False
Is 23479243187 a composite number?
False
Is 1382255503 a prime number?
False
Is 18085286689 a prime number?
True
Is 134338446353 composite?
False
Is 682931453 prime?
False
Is 19130998171 prime?
True
Is 17006651201 a prime number?
True
Is 6437016529 a composite number?
False
Is 8108547437 prime?
True
Is 6379354535 composite?
True
Is 9132168691 a composite number?
False
Is 26498688017 a composite number?
False
Is 61338544639 a prime number?
True
Is 3153037627 a composite number?
True
Is 3464186263 composite?
False
Is 6145725959 a prime number?
False
Is 259502887 prime?
False
Is 28832433001 composite?
True
Is 139761220558 prime?
False
Is 680441233 a composite number?
False
Is 16221385121 a composite number?
False
Is 45023072819 composite?
False
Is 138152477179 composite?
False
Is 4899206303 a prime number?
False
Is 434390453 prime?
False
Is 1249572509 a composite number?
False
Is 12896396501 prime?
False
Is 231103331 a composite number?
True
Is 13790892257 a prime number?
True
Is 39835769 a prime number?
True
Is 2027226953 composite?
True
Is 121161451 a composite number?
False
Is 33934265699 prime?
False
Is 3039172783 a prime number?
True
Is 447093923 a prime number?
True
Is 4026772591 a prime number?
False
Is 206053381 a composite number?
True
Is 108846647447 a composite number?
False
Is 29515717513 a prime number?
True
Is 3152006593 prime?
True
Is 7680378583 prime?
False
Is 167056829 a prime number?
True
Is 1552369619 composite?
False
Is 13317884237 a composite number?
True
Is 4021499939 composite?
True
Is 36842553191 prime?
True
Is 40886147779 a prime number?
True
Is 170686026583 a prime number?
True
Is 5224700183 a composite number?
False
Is 9241135883 a composite number?
True
Is 1775554303 prime?
True
Is 1985787457 composite?
True
Is 2257639823 a prime number?
True
Is 733037209 a prime number?
False
Is 2085800123 composite?
True
Is 677960293 composite?
False
Is 4023139013 prime?
True
Is 617775583 prime?
False
Is 24136667 composite?
True
Is 4850